{"id":2130,"date":"2023-05-11T10:33:09","date_gmt":"2023-05-11T10:33:09","guid":{"rendered":"http:\/\/www.arqueroszamora.es\/?page_id=2130"},"modified":"2024-07-29T08:23:12","modified_gmt":"2024-07-29T08:23:12","slug":"proteccion-del-menor","status":"publish","type":"page","link":"http:\/\/www.arqueroszamora.es\/index.php\/proteccion-del-menor\/","title":{"rendered":"PROTECI\u00d3N DEL MENOR"},"content":{"rendered":"\n<p>Ponemos a disposici\u00f3n de los arqueros, padres o tutores y socios del club toda la <strong>documentaci\u00f3n relacionada con Ley Org\u00e1nica 8\/2021, de 4 de junio, de protecci\u00f3n integral a la infancia y adolescencia frente a la violencia <\/strong>(tambi\u00e9n conocida como LOPIVI o Ley Rhodes).<\/p>\n\n\n\n<p>La ley afecta a las entidades deportivas y fundaciones con actividades con menores, e indica la necesidad de aplicar <strong>un protocolo de actuaci\u00f3n para que la pr\u00e1ctica del deporte se realice en un escenario libre de violencia,<\/strong> caracterizado por el buen trato, fomentando la participaci\u00f3n activa de ni\u00f1os, ni\u00f1as y adolescentes, trabajando para generar y reforzar la comunicaci\u00f3n entre progenitores y las propias entidades deportivas.<\/p>\n\n\n\n<p>Para que estas se lleven a cabo de manera correcta y efectiva, <strong>la LOPIVI incluye dentro de las obligaciones de las entidades la de nombrar un Delegado o Delegada de Protecci\u00f3n,<\/strong> formada adecuadamente para esta labor, con experiencia y que sea quien mantenga una comunicaci\u00f3n directa y constante con las personas menores, sus progenitores y\/o tutores.<\/p>\n\n\n<div class=\"wp-block-image\">\n<figure class=\"alignleft size-full is-resized\"><img loading=\"lazy\" decoding=\"async\" width=\"512\" height=\"512\" src=\"http:\/\/www.arqueroszamora.es\/wp-content\/uploads\/2023\/12\/pdf-icon-png-2084.png\" alt=\"\" class=\"wp-image-2166\" style=\"width:121px;height:auto\" srcset=\"http:\/\/www.arqueroszamora.es\/wp-content\/uploads\/2023\/12\/pdf-icon-png-2084.png 512w, http:\/\/www.arqueroszamora.es\/wp-content\/uploads\/2023\/12\/pdf-icon-png-2084-300x300.png 300w, http:\/\/www.arqueroszamora.es\/wp-content\/uploads\/2023\/12\/pdf-icon-png-2084-150x150.png 150w\" sizes=\"auto, (max-width: 512px) 100vw, 512px\" \/><\/figure>\n<\/div>\n\n\n<p><strong><a href=\"http:\/\/www.arqueroszamora.es\/wp-content\/uploads\/2024\/07\/C_D_Arqueros_Zamora_Certificado_Delegado_de_Proteccion_signed.pdf\">D. Manuel del Palacio Anuarbe ha sido designado tanto por el Club Deportivo Arqueros Zamora como Delegado de Bienestar y Protecci\u00f3n<\/a>.<\/strong><\/p>\n\n\n\n<p><a href=\"http:\/\/www.arqueroszamora.es\/wp-content\/uploads\/2024\/07\/C_D_Arqueros_Zamora_Certificado_Delegado_de_Proteccion_signed.pdf\">Designaci\u00f3n<\/a><\/p>\n\n\n\n<p>Cualquier persona que quiera consultar cualquier detalle o comunicar alg\u00fan asunto que afecte directa o indirectamente a un menor puede ponerse en contacto con Manuel del Palacio en el siguiente correo:<\/p>\n\n\n\n<p class=\"has-text-align-center\"><strong><mark style=\"background-color:rgba(0, 0, 0, 0)\" class=\"has-inline-color has-vivid-green-cyan-color\">comunica@perseveragrupo.com<\/mark><\/strong><\/p>\n\n\n<div class=\"wp-block-image\">\n<figure class=\"alignleft size-full is-resized\"><a href=\"http:\/\/www.arqueroszamora.es\/wp-content\/uploads\/2024\/07\/Club-Deportivo-Arqueros-de-Zamora-2024-Protocolo.pdf\"><img loading=\"lazy\" decoding=\"async\" width=\"512\" height=\"512\" src=\"http:\/\/www.arqueroszamora.es\/wp-content\/uploads\/2023\/12\/pdf-icon-png-2084.png\" alt=\"\" class=\"wp-image-2166\" style=\"width:126px;height:auto\" srcset=\"http:\/\/www.arqueroszamora.es\/wp-content\/uploads\/2023\/12\/pdf-icon-png-2084.png 512w, http:\/\/www.arqueroszamora.es\/wp-content\/uploads\/2023\/12\/pdf-icon-png-2084-300x300.png 300w, http:\/\/www.arqueroszamora.es\/wp-content\/uploads\/2023\/12\/pdf-icon-png-2084-150x150.png 150w\" sizes=\"auto, (max-width: 512px) 100vw, 512px\" \/><\/a><\/figure>\n<\/div>\n\n\n<p><a href=\"http:\/\/www.arqueroszamora.es\/wp-content\/uploads\/2024\/07\/Club-Deportivo-Arqueros-de-Zamora-2024-Protocolo.pdf\">PROTOCOLO DE ACTUACI\u00d3N PARA LA PROTECCI\u00d3N INTEGRAL<br>A LA INFANCIA Y A LA ADOLESCENCIA FRENTE A LA VIOLENCIA<br>Ley Org\u00e1nica 8\/2021, de 4 de Junio, de protecci\u00f3n integral a la Infancia y a la adolescencia<br>frente a la violencia<\/a><\/p>\n","protected":false},"excerpt":{"rendered":"<p>Ponemos a disposici\u00f3n de los arqueros, padres o tutores y socios del club toda la documentaci\u00f3n relacionada con Ley Org\u00e1nica 8\/2021, de 4 de junio, de protecci\u00f3n integral a la infancia y adolescencia frente a la violencia (tambi\u00e9n conocida como LOPIVI o Ley Rhodes). La ley afecta a las entidades deportivas y fundaciones con actividades\u2026 <span class=\"read-more\"><a href=\"http:\/\/www.arqueroszamora.es\/index.php\/proteccion-del-menor\/\">Leer m\u00e1s &raquo;<\/a><\/span><\/p>\n","protected":false},"author":1,"featured_media":0,"parent":0,"menu_order":0,"comment_status":"closed","ping_status":"closed","template":"","meta":{"footnotes":""},"class_list":["post-2130","page","type-page","status-publish","hentry"],"_links":{"self":[{"href":"http:\/\/www.arqueroszamora.es\/index.php\/wp-json\/wp\/v2\/pages\/2130","targetHints":{"allow":["GET"]}}],"collection":[{"href":"http:\/\/www.arqueroszamora.es\/index.php\/wp-json\/wp\/v2\/pages"}],"about":[{"href":"http:\/\/www.arqueroszamora.es\/index.php\/wp-json\/wp\/v2\/types\/page"}],"author":[{"embeddable":true,"href":"http:\/\/www.arqueroszamora.es\/index.php\/wp-json\/wp\/v2\/users\/1"}],"replies":[{"embeddable":true,"href":"http:\/\/www.arqueroszamora.es\/index.php\/wp-json\/wp\/v2\/comments?post=2130"}],"version-history":[{"count":0,"href":"http:\/\/www.arqueroszamora.es\/index.php\/wp-json\/wp\/v2\/pages\/2130\/revisions"}],"wp:attachment":[{"href":"http:\/\/www.arqueroszamora.es\/index.php\/wp-json\/wp\/v2\/media?parent=2130"}],"curies":[{"name":"wp","href":"https:\/\/api.w.org\/{rel}","templated":true}]}}

PROTECIÓN DEL MENOR

<p>Ponemos a disposición de los arqueros, padres o tutores y socios del club toda la <strong>documentación relacionada con Ley Orgánica 8/2021, de 4 de junio, de protección integral a la infancia y adolescencia frente a la violencia </strong>(también conocida como LOPIVI o Ley Rhodes).</p>



<p>La ley afecta a las entidades deportivas y fundaciones con actividades con menores, e indica la necesidad de aplicar <strong>un protocolo de actuación para que la práctica del deporte se realice en un escenario libre de violencia,</strong> caracterizado por el buen trato, fomentando la participación activa de niños, niñas y adolescentes, trabajando para generar y reforzar la comunicación entre progenitores y las propias entidades deportivas.</p>



<p>Para que estas se lleven a cabo de manera correcta y efectiva, <strong>la LOPIVI incluye dentro de las obligaciones de las entidades la de nombrar un Delegado o Delegada de Protección,</strong> formada adecuadamente para esta labor, con experiencia y que sea quien mantenga una comunicación directa y constante con las personas menores, sus progenitores y/o tutores.</p>


<div class="wp-block-image">
<figure class="alignleft size-full is-resized"><img loading="lazy" decoding="async" width="512" height="512" src="http://www.arqueroszamora.es/wp-content/uploads/2023/12/pdf-icon-png-2084.png" alt="" class="wp-image-2166" style="width:121px;height:auto" srcset="http://www.arqueroszamora.es/wp-content/uploads/2023/12/pdf-icon-png-2084.png 512w, http://www.arqueroszamora.es/wp-content/uploads/2023/12/pdf-icon-png-2084-300x300.png 300w, http://www.arqueroszamora.es/wp-content/uploads/2023/12/pdf-icon-png-2084-150x150.png 150w" sizes="auto, (max-width: 512px) 100vw, 512px" /></figure>
</div>


<p><strong><a href="http://www.arqueroszamora.es/wp-content/uploads/2024/07/C_D_Arqueros_Zamora_Certificado_Delegado_de_Proteccion_signed.pdf">D. Manuel del Palacio Anuarbe ha sido designado tanto por el Club Deportivo Arqueros Zamora como Delegado de Bienestar y Protección</a>.</strong></p>



<p><a href="http://www.arqueroszamora.es/wp-content/uploads/2024/07/C_D_Arqueros_Zamora_Certificado_Delegado_de_Proteccion_signed.pdf">Designación</a></p>



<p>Cualquier persona que quiera consultar cualquier detalle o comunicar algún asunto que afecte directa o indirectamente a un menor puede ponerse en contacto con Manuel del Palacio en el siguiente correo:</p>



<p class="has-text-align-center"><strong><mark style="background-color:rgba(0, 0, 0, 0)" class="has-inline-color has-vivid-green-cyan-color">comunica@perseveragrupo.com</mark></strong></p>


<div class="wp-block-image">
<figure class="alignleft size-full is-resized"><a href="http://www.arqueroszamora.es/wp-content/uploads/2024/07/Club-Deportivo-Arqueros-de-Zamora-2024-Protocolo.pdf"><img loading="lazy" decoding="async" width="512" height="512" src="http://www.arqueroszamora.es/wp-content/uploads/2023/12/pdf-icon-png-2084.png" alt="" class="wp-image-2166" style="width:126px;height:auto" srcset="http://www.arqueroszamora.es/wp-content/uploads/2023/12/pdf-icon-png-2084.png 512w, http://www.arqueroszamora.es/wp-content/uploads/2023/12/pdf-icon-png-2084-300x300.png 300w, http://www.arqueroszamora.es/wp-content/uploads/2023/12/pdf-icon-png-2084-150x150.png 150w" sizes="auto, (max-width: 512px) 100vw, 512px" /></a></figure>
</div>


<p><a href="http://www.arqueroszamora.es/wp-content/uploads/2024/07/Club-Deportivo-Arqueros-de-Zamora-2024-Protocolo.pdf">PROTOCOLO DE ACTUACIÓN PARA LA PROTECCIÓN INTEGRAL<br>A LA INFANCIA Y A LA ADOLESCENCIA FRENTE A LA VIOLENCIA<br>Ley Orgánica 8/2021, de 4 de Junio, de protección integral a la Infancia y a la adolescencia<br>frente a la violencia</a></p>

<p>Ponemos a disposición de los arqueros, padres o tutores y socios del club toda la documentación relacionada con Ley Orgánica 8/2021, de 4 de junio, de protección integral a la infancia y adolescencia frente a la violencia (también conocida como LOPIVI o Ley Rhodes). La ley afecta a las entidades deportivas y fundaciones con actividades… <span class="read-more"><a href="http://www.arqueroszamora.es/index.php/proteccion-del-menor/">Leer más &raquo;</a></span></p>
